{"id":677,"date":"2015-05-29T18:01:15","date_gmt":"2015-05-29T16:01:15","guid":{"rendered":"http:\/\/tjaeckel.de\/maennercoaching\/?page_id=677"},"modified":"2022-01-31T00:02:35","modified_gmt":"2022-01-30T23:02:35","slug":"beta-falle","status":"publish","type":"page","link":"https:\/\/tjaeckel.de\/maennercoaching\/beta-falle","title":{"rendered":"Beta Falle"},"content":{"rendered":"\n<div class=\"wp-block-group\"><div class=\"wp-block-group__inner-container is-layout-flow wp-block-group-is-layout-flow\">\n<h1>Die Beta Falle!<\/h1>\n<h2>Vom Alpha Mann zum angepassten Beta Jungen !<\/h2>\n<div class=\"one_half\">\n<p>Wahrscheinlich befindest du dich viel \u00f6fters in der Beta Falle als du denkst! Sp\u00e4testens seit dem Beginn deiner Beziehung ist es mit deiner m\u00e4nnlichen Unabh\u00e4ngigkeit vorbei und der Verlauf deiner Betaisierung beginnt schleichend und manipulativ.<\/p>\n<p>Ab diesem Zeitpunkt beginnt deine Partnerin dich mehr oder weniger zu kontrollieren und zu ver\u00e4ndern.<br \/>In ihren Augen bist du als Alpha nicht nur f\u00fcr Sie, sondern auch f\u00fcr andere Frauen ein begehrter Mann! Sie wird dies als Gefahr erkennen und dich betaisieren wollen, denn du geh\u00f6rst aus ihrer Sichtweise nur ihr.<\/p>\n<p>Als Mann, erlebst du diesen Prozess der Assimilation an weibliche Wertesysteme und Denkweisen unbewusst, so dass du ihre und deine schleichende Verhaltens\u00e4nderung kaum bemerken wirst.<br \/>Sie wird auf dich aufpassen und sich Sorgen, wie eine Mutter um ihr Kind, die immerwieder sicherstellen muss, dass du verl\u00e4sslich und als Lebenspartner pr\u00e4sent und tauglich bist.<\/p>\n<h2>Gewohnheit, nicht Liebe macht blind!<\/h2>\n<p>Nach einigen Monaten und Jahren verlieren viele M\u00e4nner ihren Alpha Status. Der unbestechlich coole Alpha, wandelt sich unter der Betaisierung durch seine Partnerin zu einem braven Jungen, lieb, einsch\u00e4tzbar, langweilig und unattraktiv. &#8222;Ich muss ja ein wenig klein beigeben&#8220; so glaubst du!<\/p>\n<\/div><div class=\"one_half_last_clear\">\n<p>Genau, nur wie du das machst, ohne deinen Alpha-Status zu verlieren, erf\u00e4hrst du im Alpha Training. Mit einem &#8222;Jungen&#8220; an ihrer Seite verlieren Frauen das Interesse an Beta M\u00e4nnern.<\/p>\n<p>Mit der Abgabe der F\u00fchrungskompetenz und F\u00fchrung an deine Partnerin bist du nur eingeschr\u00e4nkt konfliktf\u00e4hig, f\u00fchlst dich ihren Worten und Gedanken nicht mehr gewachsen. Du steckst mitten in der Komfortzone fest, wo f\u00fcr dich gewaschen, gekocht und geb\u00fcgelt wird. Typisch m\u00e4nnlich gibst du klein bei, aus Angst vor Ablehnung und Konflikten. Du wirst abgh\u00e4ngig von ihrer Liebe, Anerkennung, Zuneigung und Sexualit\u00e4t.<\/p>\n<p>Im Alpha Training entwickelst du deinen Alpha neu!<\/p>\n<hr \/>\n<\/div><div class=\"clear\"><\/div>\n<hr \/>\n<h2>Kommt dir das bekannt vor?<\/h2>\n<ul style=\"list-style-type: square;\">\n<li>Spioniert dir deine Partnerin nach?<\/li>\n<li>Ihr zuliebe vernachl\u00e4ssigst du deine M\u00e4nnerfreundschaften?<\/li>\n<li>Ihre Kritik und N\u00f6rgelei bringen dich aus deiner Balance?<\/li>\n<li>Dein Engagement f\u00fcr Sport, Kultur und dein Hobby l\u00e4sst nach?<\/li>\n<li>Kontrolliert deine Partnerin deine Emails, Handy, Telefon, privaten Dinge?<\/li>\n<li>Du bist frisch gebackener Vater, wer hat das Sagen?<\/li>\n<li>Sie trifft f\u00fcr dich wichtige Entscheidungen ohne dich zu Fragen und Bescheid zu geben?<\/li>\n<li>Vereinbart sie \u00fcber deinen Kopf hinweg Termine, organisiert den Urlaub&#8230;?<\/li>\n<li>Geheimnisse gibt es bei uns nicht!<\/li>\n<li>Deine Partnerin lehnt deinen Ann\u00e4herungsversuch ab, bestimmt wann es Sex gibt!<\/li>\n<li>Manipuliert dich deine Partnerin zu ihren Gunsten?<\/li>\n<li>Sie bestimmt und organisiert was im Haushalt gemacht werden muss.<\/li>\n<li>Erntest du kritik und musst dich rechtfertigen, wenn du zu sp\u00e4t von der Arbeit, Freizeit kommst?<\/li>\n<li>Sie macht dir eine Szene, weil du sie vernachl\u00e4ssigst?<\/li>\n<li>H\u00e4ltst du es ohne sie nicht aus?<\/li>\n<li>L\u00e4sst du dich ausfragen und antwortest brav auf ihre Fragen?<\/li>\n<li>Rufst du deine Partnerin von der Arbeit aus an?<\/li>\n<\/ul>\n<hr \/>\n<h2>Entwickle dein Alpha Verhalten!<\/h2>\n<h3><a href=\"https:\/\/tjaeckel.de\/maennercoaching\/alpha-coaching\">Hier geht es zum Alpha Training!<\/a><\/h3>\n<\/div><\/div>\n\n\n","protected":false},"excerpt":{"rendered":"<p>Die Beta Falle! Vom Alpha Mann zum angepassten Beta Jungen ! Kommt dir das bekannt vor? Spioniert dir deine Partnerin nach? Ihr zuliebe vernachl\u00e4ssigst du deine M\u00e4nnerfreundschaften? Ihre Kritik und N\u00f6rgelei bringen dich aus deiner Balance? Dein Engagement f\u00fcr Sport, Kultur und dein Hobby l\u00e4sst nach? Kontrolliert deine Partnerin deine Emails, Handy, Telefon, privaten Dinge? <a href=\"https:\/\/tjaeckel.de\/maennercoaching\/beta-falle\" rel=\"nofollow\"><span class=\"sr-only\">Read more about Beta Falle<\/span>[&hellip;]<\/a><\/p>\n","protected":false},"author":1,"featured_media":0,"parent":0,"menu_order":0,"comment_status":"closed","ping_status":"closed","template":"template-fullwidth.php","meta":{"om_disable_all_campaigns":false,"_monsterinsights_skip_tracking":false,"_monsterinsights_sitenote_active":false,"_monsterinsights_sitenote_note":"","_monsterinsights_sitenote_category":0,"footnotes":""},"class_list":["post-677","page","type-page","status-publish","hentry"],"_links":{"self":[{"href":"https:\/\/tjaeckel.de\/maennercoaching\/wp-json\/wp\/v2\/pages\/677","targetHints":{"allow":["GET"]}}],"collection":[{"href":"https:\/\/tjaeckel.de\/maennercoaching\/wp-json\/wp\/v2\/pages"}],"about":[{"href":"https:\/\/tjaeckel.de\/maennercoaching\/wp-json\/wp\/v2\/types\/page"}],"author":[{"embeddable":true,"href":"https:\/\/tjaeckel.de\/maennercoaching\/wp-json\/wp\/v2\/users\/1"}],"replies":[{"embeddable":true,"href":"https:\/\/tjaeckel.de\/maennercoaching\/wp-json\/wp\/v2\/comments?post=677"}],"version-history":[{"count":28,"href":"https:\/\/tjaeckel.de\/maennercoaching\/wp-json\/wp\/v2\/pages\/677\/revisions"}],"predecessor-version":[{"id":2836,"href":"https:\/\/tjaeckel.de\/maennercoaching\/wp-json\/wp\/v2\/pages\/677\/revisions\/2836"}],"wp:attachment":[{"href":"https:\/\/tjaeckel.de\/maennercoaching\/wp-json\/wp\/v2\/media?parent=677"}],"curies":[{"name":"wp","href":"https:\/\/api.w.org\/{rel}","templated":true}]}}